{"id":2739,"date":"2016-09-22T14:40:56","date_gmt":"2016-09-22T13:40:56","guid":{"rendered":"http:\/\/rapport-activite.service-medical-grandest.com\/archives-en-ligne\/2018\/?page_id=2739"},"modified":"2017-08-08T11:45:47","modified_gmt":"2017-08-08T09:45:47","slug":"nos-valeurs","status":"publish","type":"page","link":"http:\/\/rapport-activite.service-medical-grandest.com\/archives-en-ligne\/2018\/nos-valeurs\/","title":{"rendered":"Nos valeurs"},"content":{"rendered":"<h4>Nos valeurs fondatrices<\/h4>\n<p>Elles sont bas\u00e9es sur les trois principes fondateurs de la S\u00e9curit\u00e9 sociale cr\u00e9\u00e9e en 1945\u00a0:<\/p>\n<ul>\n<li><strong>L&rsquo;\u00e9gal acc\u00e8s aux soins<\/strong><\/li>\n<li><strong>La solidarit\u00e9<\/strong><\/li>\n<li><strong>L&rsquo;universalit\u00e9<\/strong><\/li>\n<\/ul>\n<p>&nbsp;<\/p>\n<p>L\u2019Assurance Maladie a une ambition\u00a0: que chacun puisse \u00eatre soign\u00e9 en fonction de ses besoins. Le Service m\u00e9dical r\u00e9gule le syst\u00e8me de soins, aux c\u00f4t\u00e9 des professionnels de sant\u00e9, pour garantir la meilleure prise en charge possible en termes de qualit\u00e9 des soins et de juste co\u00fbt.<\/p>\n<h4>Nos objectifs communs<\/h4>\n<ul>\n<li>Le travail en \u00e9quipe pour garantir la qualit\u00e9 et l&rsquo;efficience du syst\u00e8me de soins pour tous, au meilleur co\u00fbt<\/li>\n<li>Des missions de service public : \u00e9galit\u00e9, neutralit\u00e9, continuit\u00e9 et adaptabilit\u00e9<\/li>\n<li>Des actions \u00e9co et socialement responsables vis-\u00e0-vis de toutes les parties prenantes de notre organisme, dans le cadre de nos engagements en faveur de la <span class=\"tooltips \" style=\"\" title=\"Responsabilit\u00e9 soci\u00e9tale de l\u2019organisme\">RSO<\/span><\/li>\n<\/ul>\n<p>&nbsp;<\/p>\n<h4>La sant\u00e9 pour tous<\/h4>\n<p>L\u2019Assurance Maladie couvre 4 personnes sur 5 en France soit pr\u00e8s de 60 millions de fran\u00e7ais. Chaque jour, ses 77 000 collaborateurs leur permettent d\u2019acc\u00e9der aux soins dont ils ont besoin. Ils se rassemblent autour de valeurs fortes et d&rsquo;un projet d&rsquo;entreprise dynamique tourn\u00e9 vers l\u2019avenir.<\/p>\n<p>L&rsquo;Assurance Maladie d\u00e9veloppe un parcours attentionn\u00e9 pour les patients et les publics les plus vuln\u00e9rables via des services en sant\u00e9 innovants sur le diab\u00e8te, l\u2019asthme, le retour \u00e0 domicile apr\u00e8s une hospitalisation&#8230;<\/p>\n<p>Elle est une gestionnaire avis\u00e9e du risque et des ressources financi\u00e8res confi\u00e9es par la collectivit\u00e9, gr\u00e2ce \u00e0 ses programmes de ma\u00eetrise m\u00e9dicalis\u00e9e des d\u00e9penses de sant\u00e9 et de lutte contre la fraude.<\/p>\n<p>L\u2019Assurance Maladie vise aussi \u00e0 soigner, r\u00e9\u00e9duquer, r\u00e9ins\u00e9rer, \u00e0 tous les \u00e2ges de la vie, pour faire en sorte que chaque assur\u00e9 soit acteur de sa sant\u00e9.<\/p>\n<p>&nbsp;<\/p>\n<p><a href=\"http:\/\/rapport-activite.service-medical-grandest.com\/archives-en-ligne\/2018\/wp-content\/uploads\/2016\/09\/bandeau_nos_valeurs.jpg\"><img loading=\"lazy\" decoding=\"async\" class=\"aligncenter wp-image-2743 size-full\" src=\"http:\/\/rapport-activite.service-medical-grandest.com\/archives-en-ligne\/2018\/wp-content\/uploads\/2016\/09\/bandeau_nos_valeurs.jpg\" alt=\"bandeau_nos_valeurs\" width=\"1100\" height=\"424\" srcset=\"http:\/\/rapport-activite.service-medical-grandest.com\/archives-en-ligne\/2018\/wp-content\/uploads\/2016\/09\/bandeau_nos_valeurs.jpg 1100w, http:\/\/rapport-activite.service-medical-grandest.com\/archives-en-ligne\/2018\/wp-content\/uploads\/2016\/09\/bandeau_nos_valeurs-300x116.jpg 300w, http:\/\/rapport-activite.service-medical-grandest.com\/archives-en-ligne\/2018\/wp-content\/uploads\/2016\/09\/bandeau_nos_valeurs-768x296.jpg 768w, http:\/\/rapport-activite.service-medical-grandest.com\/archives-en-ligne\/2018\/wp-content\/uploads\/2016\/09\/bandeau_nos_valeurs-1024x395.jpg 1024w\" sizes=\"(max-width: 1100px) 100vw, 1100px\" \/><\/a><\/p>\n<p>&nbsp;<\/p>\n<h4>Expos\u00e9 des motifs de l&rsquo;ordonnance du 4 octobre 1945 (extraits)<\/h4>\n<p>&nbsp;<\/p>\n<table style=\"height: 230px;\" width=\"1000\">\n<tbody>\n<tr>\n<td width=\"100\">\u00a0<a href=\"http:\/\/rapport-activite.service-medical-grandest.com\/archives-en-ligne\/2018\/wp-content\/uploads\/2016\/09\/Pierre_laroque-Fondateur-de-la-Sec-soc.jpg\"><img loading=\"lazy\" decoding=\"async\" class=\"aligncenter wp-image-2745 size-full\" src=\"http:\/\/rapport-activite.service-medical-grandest.com\/archives-en-ligne\/2018\/wp-content\/uploads\/2016\/09\/Pierre_laroque-Fondateur-de-la-Sec-soc.jpg\" alt=\"pierre_laroque-fondateur-de-la-sec-soc\" width=\"200\" height=\"217\" \/><\/a><\/td>\n<td style=\"vertical-align: middle; text-align: left;\" width=\"900\"><strong>Pierre Laroque, fondateur de la S\u00e9curit\u00e9 sociale en 1945.<\/strong><\/td>\n<\/tr>\n<\/tbody>\n<\/table>\n<p>&nbsp;<\/p>\n<p>\u00a0\u00bb La s\u00e9curit\u00e9 sociale est la garantie donn\u00e9e \u00e0 chacun qu&rsquo;en toutes circonstances il disposera des moyens n\u00e9cessaires pour assurer sa subsistance et celle de sa famille dans des conditions d\u00e9centes. Trouvant sa justification dans un souci \u00e9l\u00e9mentaire de justice sociale, elle r\u00e9pond \u00e0 la pr\u00e9occupation de d\u00e9barrasser les travailleurs de l&rsquo;incertitude du lendemain [&#8230;].\u00a0\u00bb<\/p>\n<p>\u00a0\u00bb Envisag\u00e9e sous cet angle, la s\u00e9curit\u00e9 sociale appelle l&rsquo;am\u00e9nagement d&rsquo;une vaste organisation nationale d&rsquo;entraide obligatoire qui ne peut atteindre sa pleine efficacit\u00e9 que si elle pr\u00e9sente un caract\u00e8re de tr\u00e8s grande g\u00e9n\u00e9ralit\u00e9 \u00e0 la fois quant aux personnes qu&rsquo;elle englobe et quant aux risques qu&rsquo;elle couvre. Le but final \u00e0 atteindre est la r\u00e9alisation d&rsquo;un plan qui couvre l&rsquo;ensemble de la population du pays contre l&rsquo;ensemble des facteurs d&rsquo;ins\u00e9curit\u00e9 ; un tel r\u00e9sultat ne s&rsquo;obtiendra qu&rsquo;au prix de longues ann\u00e9es d&rsquo;efforts pers\u00e9v\u00e9rants [&#8230;].\u00a0\u00bb<\/p>\n","protected":false},"excerpt":{"rendered":"<p>Nos valeurs fondatrices Elles sont bas\u00e9es sur les trois principes fondateurs de la S\u00e9curit\u00e9 sociale cr\u00e9\u00e9e en 1945\u00a0: L&rsquo;\u00e9gal acc\u00e8s aux soins La solidarit\u00e9 L&rsquo;universalit\u00e9 &nbsp; L\u2019Assurance Maladie a une ambition\u00a0: que chacun puisse \u00eatre soign\u00e9 en fonction de ses besoins. Le Service m\u00e9dical r\u00e9gule le syst\u00e8me de soins, aux c\u00f4t\u00e9 des professionnels de sant\u00e9, [&hellip;]<\/p>\n","protected":false},"author":3,"featured_media":0,"parent":0,"menu_order":0,"comment_status":"closed","ping_status":"closed","template":"","meta":{"footnotes":""},"_links":{"self":[{"href":"http:\/\/rapport-activite.service-medical-grandest.com\/archives-en-ligne\/2018\/wp-json\/wp\/v2\/pages\/2739"}],"collection":[{"href":"http:\/\/rapport-activite.service-medical-grandest.com\/archives-en-ligne\/2018\/wp-json\/wp\/v2\/pages"}],"about":[{"href":"http:\/\/rapport-activite.service-medical-grandest.com\/archives-en-ligne\/2018\/wp-json\/wp\/v2\/types\/page"}],"author":[{"embeddable":true,"href":"http:\/\/rapport-activite.service-medical-grandest.com\/archives-en-ligne\/2018\/wp-json\/wp\/v2\/users\/3"}],"replies":[{"embeddable":true,"href":"http:\/\/rapport-activite.service-medical-grandest.com\/archives-en-ligne\/2018\/wp-json\/wp\/v2\/comments?post=2739"}],"version-history":[{"count":17,"href":"http:\/\/rapport-activite.service-medical-grandest.com\/archives-en-ligne\/2018\/wp-json\/wp\/v2\/pages\/2739\/revisions"}],"predecessor-version":[{"id":3765,"href":"http:\/\/rapport-activite.service-medical-grandest.com\/archives-en-ligne\/2018\/wp-json\/wp\/v2\/pages\/2739\/revisions\/3765"}],"wp:attachment":[{"href":"http:\/\/rapport-activite.service-medical-grandest.com\/archives-en-ligne\/2018\/wp-json\/wp\/v2\/media?parent=2739"}],"curies":[{"name":"wp","href":"https:\/\/api.w.org\/{rel}","templated":true}]}}